= 39 - 46. Calculate the remainder when (p/(70/(-8)))/((-2)/(-25)) is divided by 6.
4
Let z(w) = -3*w + 24. Let h be z(7). Suppose 2*n = 3*f - 77, -h*f + n + 0*n = -79. Calculate the remainder when f is divided by 8.
3
Let c = 431 - 405. Calculate the remainder when c is divided by 11.
4
Suppose 4*p = 3*i + 6 + 6, -3*i = 0. Let v(f) = f**3 + f**2 + 4*f - 3. Calculate the remainder when v(p) is divided by (1/2)/(1/48).
21
Let o(u) = -u**2 + 9*u + 113. What is the remainder when o(8) is divided by 32?
25
Suppose -2*r + 7*r - 70 = 0. Let j = 213 - 105. Suppose -17*g = -21*g + j. What is the remainder when g is divided by r?
13
Suppose 1254 = -4*z - 970. Let u be -41*4/8 + 3/6. What is the remainder when 83 is divided by 4/20 + z/u?
27
Let w = 79 - 88. What is the remainder when 153 + 10/(-4 - w) is divided by 39?
38
Calculate the remainder when 31 is divided by (-144)/(-40)*5/3.
1
Suppose -14*g - 119 = -259. Calculate the remainder when 438 is divided by g.
8
Let d = 46 - 44. Let a(h) = h**2 + h - 4. Calculate the remainder when a(3) is divided by d.
0
Let p be -2*(0 - 2/2). Suppose -p*a = -4*a + 166. What is the remainder when a is divided by 21?
20
Suppose 2*k + 0*k = t - 50, 3*k - 3 = 0. Calculate the remainder when t is divided by 27.
25
Suppose 3*d + 47 = 4*d. Let x(r) = 4*r**2 + 18*r - 26. Calculate the remainder when d is divided by x(-6).
7
Let a(d) = 2*d + 11. What is the remainder when 422 is divided by a(3)?
14
Let o = 2795 + -2736. Calculate the remainder when 589 is divided by o.
58
Let i be 15/10*678/9. Suppose 5*j = d + i, -j - j + 5*d = -36. What is the remainder when j is divided by 3?
2
Let m(k) = k**2 + 18*k + 48. Suppose -3*i + 0 - 4 = -5*y, 5*y = 5*i. Calculate the remainder when m(-15) is divided by i.
1
Let u(a) = -a**3 + 14*a**2 - 8*a - 14. Let n = 78 - 65. What is the remainder when u(n) is divided by 11?
7
Suppose 751*p - 288 = 745*p. What is the remainder when 137 is divided by p?
41
Let s = 617 + -443. What is the remainder when s is divided by 25?
24
Suppose 0 = m - 3*u - 7, m - 3*m + 5*u + 15 = 0. Let i = m - -15. What is the remainder when i is divided by (-1)/2*(-90)/(0 + 5)?
7
Suppose 336 = 10*n - 44. What is the remainder when 56 is divided by n?
18
Let b be (54/2)/(5/(-15)). Let i = 255 + b. Calculate the remainder when i is divided by 22.
20
Let r(l) = 97*l + 1. What is the remainder when r(1) is divided by (1 + (-44)/(-6))*(9 - 6)?
23
Suppose 8*v = 9*v - 3. What is the remainder when 9 is divided by v?
0
Suppose m - 4*s - 45 = 0, 2*m - 2*s - s = 70. Let p = 4 - 0. Suppose 0 = -4*a + 2*g - 5*g + 330, -2*g + 332 = p*a. What is the remainder when a is divided by m?
26
Let v(y) = 14*y**3 + 2*y**2 + y. Calculate the remainder when v(3) is divided by 51.
42
Let z = 112 + -58. Suppose -3*k = -k - z. Let d(p) = -4*p + 31. What is the remainder when k is divided by d(6)?
6
Let d(p) = -4*p - 50. Let y be d(-22). Let w = 59 - y. Calculate the remainder when w is divided by 12.
9
Let p = -8 - 86. Let f = p - -170. Calculate the remainder when f is divided by 16.
12
Suppose 5*r - 13 = 77. Suppose -9*f + 40 = -5*f. Calculate the remainder when r is divided by f.
8
Let w = 148 + -227. Let d = w + 87. Calculate the remainder when 0 + 2 - 19/(-1) is divided by d.
5
What is the remainder when (-4 + 5 - (0 + -273))/2 is divided by 20?
17
Calculate the remainder when ((-1)/(-5))/(7 + (-45840)/6550) is divided by 9.
5
Suppose 54 = 2*x + x + 3*o, 68 = 4*x + 2*o. What is the remainder when 1375 is divided by x?
15
Let c(x) = x**2 + 9*x - 8. Let a be c(-9). Let k = a - -14. Suppose -4*v = p - k*v - 67, 4*p + v = 232. What is the remainder when p is divided by 31?
28
Let o be (9 - 4) + -3 + 3/1. Suppose o*c + 299 = 1034. What is the remainder when c is divided by 15?
12
Let n = 660 + -503. Calculate the remainder when n is divided by 32.
29
Let x(g) = g**2 + 5*g - 13. Let y be x(-7). Let d = 17 - y. Calculate the remainder when 78 is divided by d.
14
Let n be 1/(-3) + (-3)/(-9) + -3. What is the remainder when 73 is divided by (37 - 1) + (21/n)/(-7)?
36
Suppose -26 + 11 = -5*o. Suppose -o*t + 20 - 5 = 0. Calculate the remainder when 11 is divided by t.
1
Let h(m) = m**2 - 9*m - 14. Let a be (6/(-5))/(39/(-2080)). Let w = a + -60. Calculate the remainder when h(11) is divided by w.
0
Suppose 6*j + 9 = 9*j. Let o(l) = 4*l**3 + l**2 - 1. Let p be o(1). Suppose 34 + 18 = p*z. What is the remainder when z is divided by j?
1
Let b(q) = -q**2 - 12*q. Let x be -6 - -5 - (10 - 1). Calculate the remainder when 96 is divided by b(x).
16
Let g = 54 - -38. Let w = -147 + 166. Calculate the remainder when g is divided by w.
16
Suppose -15 + 2 = -d. Suppose d*w - 70 = 11*w. Suppose 0*x + 4*b = 4*x - 16, -42 = -3*x - 3*b. What is the remainder when w is divided by x?
8
Let q be 13/7 + (-4)/(-28). What is the remainder when 15 is divided by (-20)/(-7)*7/q?
5
Suppose 18*p - 638 = 7*p. What is the remainder when p is divided by 32?
26
Let u(q) = -q**2 - 3*q + 347. Calculate the remainder when 240 is divided by u(-18).
9
Suppose -5*l + 79 = 3*m, l + 13 = -m + 30. What is the remainder when (11 + -10)/(3/159) is divided by l?
11
Suppose -25 - 87 = -14*d. Calculate the remainder when 23 is divided by d.
7
Suppose -3*a - 34*p + 1170 = -31*p, -a + 390 = 2*p. Calculate the remainder when a is divided by 28.
26
Suppose 21*o - 2308 = -19. What is the remainder when 553 is divided by o?
8
Let n(j) = -1. Let d(z) = z - 17. Let g(a) = -d(a) + 5*n(a). What is the remainder when 10 is divided by g(8)?
2
Let k = 11 + -28. Let r = k + 19. Suppose -3*d + r*m + 89 = -41, 4*d + 4*m - 200 = 0. What is the remainder when d is divided by 12?
10
Suppose -t = 25*d - 27*d + 489, 20 = -4*t. What is the remainder when d is divided by 14?
4
Let n(z) = 8*z - 12. Let x(t) = 9*t - 12. Let g(w) = 4*n(w) - 5*x(w). Calculate the remainder when g(-4) is divided by 13.
12
Let f(n) = -3*n + 32. Calculate the remainder when 445 is divided by f(6).
11
Suppose -4*u + 64 = 4*o, -7 = 3*o + 5. Calculate the remainder when u is divided by 7.
6
Suppose 2*x + 7*x = x. Suppose 4*n - 12 = -p, -4*n - n = x. Calculate the remainder when 20 is divided by p.
8
Suppose -5*o = 27 - 522. Suppose -3*q = -4*z + o, -7*z + 138 = -2*z + q. What is the remainder when z is divided by (1 - -7)*14/8?
13
Let r(p) = p**3 - 4*p**2 + 3*p. Let s be (-66)/(-21) - (-1)/(-7). Let v be r(s). Suppose 213 = 3*c - v*c. Calculate the remainder when c is divided by 18.
17
Let k = -552 - -941. Calculate the remainder when k is divided by 53.
18
Let s be -6 - -3 - (0 + -1)*3. Suppose i - 2 = -s*i. Let t = 16 + -10. What is the remainder when t is divided by i?
0
Suppose 2*v + 5*h = 41, -4*v + 0*h = h - 55. Calculate the remainder when -70*3*(39/(-18) + 2) is divided by v.
9
Suppose 2*h - 80 = -14*h. Let f be 1 + (-2 + 3 - -1). Suppose h*a = 82 + f. Calculate the remainder when 67 is divided by a.
16
Let s = 51 + -162. Let p = s - -201. What is the remainder when p is divided by 24?
18
Calculate the remainder when 1465 is divided by 70/9*18/4.
30
Suppose -5*v - 4*l = 594, v + 3*v + 2*l = -480. Let x = 33 - 266. Let d = v - x. What is the remainder when d is divided by 38?
35
Let p = -1 + -5. What is the remainder when (-2)/(p/39) + 2 is divided by 9?
6
Let l = 14 + -2. What is the remainder when (-44)/(-176) - ((-475)/20 - -4) is divided by l?
8
Let u(p) = 47*p - 1070. Let n = 52 - 22. Calculate the remainder when n is divided by u(23).
8
Let k = -1455 + 1548. What is the remainder when 250 is divided by k?
64
Suppose 3*c + c - 80 = 0. Let f = 520 - 507. Calculate the remainder when c is divided by f.
7
Let f = 854 + -786. Calculate the remainder when 198 is divided by f.
62
Let w = -41 + 44. Suppose 81 = 4*j - w*j. What is the remainder when j is divided by 28?
25
Let t(d) = 14*d**2 - d + 2. Let l(o) = -13*o - 37. Calculate the remainder when l(-6) is divided by t(1).
11
Suppose 3*x = 15, 4*x - 18 = 5*k - 3*k. Let j be k*3*230/15. Suppose 29 + j = 5*z. What is the remainder when 27 is divided by z?
12
Let s be (3 + 1)*2/4. Suppose -s*u = -5*u. Suppose -4*n - 32 + 116 = u. Calculate the remainder when n is divided by 12.
9
Let v = 599 - 595. What is the remainder when 5 is divided by v?
1
Let m = 929 - 884. What is the remaind